{"id":1315,"date":"2021-03-19T11:31:43","date_gmt":"2021-03-19T11:31:43","guid":{"rendered":"http:\/\/devisesolutions.pt\/dev\/?page_id=1315"},"modified":"2021-05-11T12:21:48","modified_gmt":"2021-05-11T12:21:48","slug":"pfaff-3589","status":"publish","type":"page","link":"http:\/\/devisesolutions.pt\/dev\/pfaff-3589\/","title":{"rendered":"Pfaff 3589"},"content":{"rendered":"\t\t<div data-elementor-type=\"wp-page\" data-elementor-id=\"1315\" class=\"elementor elementor-1315\">\n\t\t\t\t\t\t<section class=\"elementor-section elementor-top-section elementor-element elementor-element-195a4750 elementor-section-stretched elementor-section-boxed elementor-section-height-default elementor-section-height-default\" data-id=\"195a4750\" data-element_type=\"section\" data-e-type=\"section\" data-settings=\"{&quot;stretch_section&quot;:&quot;section-stretched&quot;,&quot;background_background&quot;:&quot;classic&quot;,&quot;shape_divider_top&quot;:&quot;tilt&quot;}\">\n\t\t\t\t\t<div class=\"elementor-shape elementor-shape-top\" aria-hidden=\"true\" data-negative=\"false\">\n\t\t\t<svg xmlns=\"http:\/\/www.w3.org\/2000\/svg\" viewBox=\"0 0 1000 100\" preserveAspectRatio=\"none\">\n\t<path class=\"elementor-shape-fill\" d=\"M0,6V0h1000v100L0,6z\"\/>\n<\/svg>\t\t<\/div>\n\t\t\t\t\t<div class=\"elementor-container elementor-column-gap-default\">\n\t\t\t\t\t<div class=\"aux-parallax-section elementor-column elementor-col-100 elementor-top-column elementor-element elementor-element-38a1ab8b aux-appear-watch-animation aux-fade-in-right\" data-id=\"38a1ab8b\" data-element_type=\"column\" data-e-type=\"column\">\n\t\t\t<div class=\"elementor-widget-wrap elementor-element-populated\">\n\t\t\t\t\t\t<div class=\"elementor-element elementor-element-6fef70ed elementor-widget elementor-widget-aux_modern_heading\" data-id=\"6fef70ed\" data-element_type=\"widget\" data-e-type=\"widget\" data-widget_type=\"aux_modern_heading.default\">\n\t\t\t\t<div class=\"elementor-widget-container\">\n\t\t\t\t\t<section class=\"aux-widget-modern-heading\">\n            <div class=\"aux-widget-inner\"><h2 class=\"aux-modern-heading-primary\">3589<\/h2><\/div>\n        <\/section>\t\t\t\t<\/div>\n\t\t\t\t<\/div>\n\t\t\t\t\t<\/div>\n\t\t<\/div>\n\t\t\t\t\t<\/div>\n\t\t<\/section>\n\t\t\t\t<section class=\"elementor-section elementor-top-section elementor-element elementor-element-ba638f9 elementor-section-boxed elementor-section-height-default elementor-section-height-default\" data-id=\"ba638f9\" data-element_type=\"section\" data-e-type=\"section\" data-settings=\"{&quot;shape_divider_top&quot;:&quot;triangle-asymmetrical&quot;}\">\n\t\t\t\t\t<div class=\"elementor-shape elementor-shape-top\" aria-hidden=\"true\" data-negative=\"false\">\n\t\t\t<svg xmlns=\"http:\/\/www.w3.org\/2000\/svg\" viewBox=\"0 0 1000 100\" preserveAspectRatio=\"none\">\n\t<path class=\"elementor-shape-fill\" d=\"M738,99l262-93V0H0v5.6L738,99z\"\/>\n<\/svg>\t\t<\/div>\n\t\t\t\t\t<div class=\"elementor-container elementor-column-gap-default\">\n\t\t\t\t\t<div class=\"aux-parallax-section elementor-column elementor-col-50 elementor-top-column elementor-element elementor-element-24685bae\" data-id=\"24685bae\" data-element_type=\"column\" data-e-type=\"column\">\n\t\t\t<div class=\"elementor-widget-wrap elementor-element-populated\">\n\t\t\t\t\t\t<div class=\"elementor-element elementor-element-6cc153d elementor-widget elementor-widget-aux_modern_heading\" data-id=\"6cc153d\" data-element_type=\"widget\" data-e-type=\"widget\" data-widget_type=\"aux_modern_heading.default\">\n\t\t\t\t<div class=\"elementor-widget-container\">\n\t\t\t\t\t<section class=\"aux-widget-modern-heading\">\n            <div class=\"aux-widget-inner\"><h2 class=\"aux-modern-heading-primary\">M\u00e1quina Autom\u00e1tica de Pregar Bolsos com Duas Cabe\u00e7as de Costura<\/h2><div class=\"aux-modern-heading-divider\"><\/div><\/div>\n        <\/section>\t\t\t\t<\/div>\n\t\t\t\t<\/div>\n\t\t\t\t<div class=\"elementor-element elementor-element-5c5c4ba5 elementor-widget elementor-widget-text-editor\" data-id=\"5c5c4ba5\" data-element_type=\"widget\" data-e-type=\"widget\" data-widget_type=\"text-editor.default\">\n\t\t\t\t<div class=\"elementor-widget-container\">\n\t\t\t\t\t\t\t\t\t<ul><li>Alta qualidade e altos resultados consistentes \u2013 mesmo quando s\u00e3o usadas duas cabe\u00e7as de costura com fios de cores diferentes<\/li><li>Formas e programa de costura podem ser alterados em poucos segundos<\/li><li>A cabe\u00e7a de costura e a lan\u00e7adeira s\u00e3o sincronizados pelo eixo el\u00e9trico<\/li><li>A m\u00e1quina est\u00e1 equipada com uma esta\u00e7\u00e3o de vincagem e um descarregador<\/li><li>Os par\u00e2metros de costura podem ser alterados atrav\u00e9s do painel de controlo t\u00e1til<\/li><li>Tamb\u00e9m s\u00e3o poss\u00edveis pontos decorativos (usando uma ou duas cabe\u00e7as de costura)<\/li><li>Porta USB para download de programas e atualiza\u00e7\u00f5es de software<\/li><li>Performance: at\u00e9 1300 pares em 8 horas (2600 bolsos de tamanho m\u00e9dio com 350 pontos)<\/li><\/ul>\t\t\t\t\t\t\t\t<\/div>\n\t\t\t\t<\/div>\n\t\t\t\t\t<\/div>\n\t\t<\/div>\n\t\t\t\t<div class=\"aux-parallax-section elementor-column elementor-col-50 elementor-top-column elementor-element elementor-element-3bccc715\" data-id=\"3bccc715\" data-element_type=\"column\" data-e-type=\"column\">\n\t\t\t<div class=\"elementor-widget-wrap elementor-element-populated\">\n\t\t\t\t\t\t<div class=\"elementor-element elementor-element-182be932 elementor-widget elementor-widget-image\" data-id=\"182be932\" data-element_type=\"widget\" data-e-type=\"widget\" data-widget_type=\"image.default\">\n\t\t\t\t<div class=\"elementor-widget-container\">\n\t\t\t\t\t\t\t\t\t\t\t\t\t\t\t<img fetchpriority=\"high\" decoding=\"async\" width=\"1280\" height=\"1280\" src=\"http:\/\/devisesolutions.pt\/dev\/wp-content\/uploads\/2021\/03\/3589comlogo-1.png\" class=\"attachment-full size-full wp-image-1005\" alt=\"\" srcset=\"http:\/\/devisesolutions.pt\/dev\/wp-content\/uploads\/2021\/03\/3589comlogo-1.png 1280w, http:\/\/devisesolutions.pt\/dev\/wp-content\/uploads\/2021\/03\/3589comlogo-1-300x300.png 300w, http:\/\/devisesolutions.pt\/dev\/wp-content\/uploads\/2021\/03\/3589comlogo-1-1024x1024.png 1024w, http:\/\/devisesolutions.pt\/dev\/wp-content\/uploads\/2021\/03\/3589comlogo-1-150x150.png 150w, http:\/\/devisesolutions.pt\/dev\/wp-content\/uploads\/2021\/03\/3589comlogo-1-768x768.png 768w\" sizes=\"(max-width: 1280px) 100vw, 1280px\" \/>\t\t\t\t\t\t\t\t\t\t\t\t\t\t\t<\/div>\n\t\t\t\t<\/div>\n\t\t\t\t\t<\/div>\n\t\t<\/div>\n\t\t\t\t\t<\/div>\n\t\t<\/section>\n\t\t\t\t<section class=\"elementor-section elementor-top-section elementor-element elementor-element-2e3ecdcb elementor-section-boxed elementor-section-height-default elementor-section-height-default\" data-id=\"2e3ecdcb\" data-element_type=\"section\" data-e-type=\"section\" data-settings=\"{&quot;shape_divider_bottom&quot;:&quot;tilt&quot;}\">\n\t\t\t\t\t<div class=\"elementor-shape elementor-shape-bottom\" aria-hidden=\"true\" data-negative=\"false\">\n\t\t\t<svg xmlns=\"http:\/\/www.w3.org\/2000\/svg\" viewBox=\"0 0 1000 100\" preserveAspectRatio=\"none\">\n\t<path class=\"elementor-shape-fill\" d=\"M0,6V0h1000v100L0,6z\"\/>\n<\/svg>\t\t<\/div>\n\t\t\t\t\t<div class=\"elementor-container elementor-column-gap-default\">\n\t\t\t\t\t<div class=\"aux-parallax-section elementor-column elementor-col-100 elementor-top-column elementor-element elementor-element-82c476\" data-id=\"82c476\" data-element_type=\"column\" data-e-type=\"column\">\n\t\t\t<div class=\"elementor-widget-wrap elementor-element-populated\">\n\t\t\t\t\t\t<div class=\"elementor-element elementor-element-1c36d5c2 elementor-widget elementor-widget-video\" data-id=\"1c36d5c2\" data-element_type=\"widget\" data-e-type=\"widget\" data-settings=\"{&quot;youtube_url&quot;:&quot;https:\\\/\\\/youtu.be\\\/jUXBWt5GcBU&quot;,&quot;video_type&quot;:&quot;youtube&quot;,&quot;controls&quot;:&quot;yes&quot;}\" data-widget_type=\"video.default\">\n\t\t\t\t<div class=\"elementor-widget-container\">\n\t\t\t\t\t\t\t<div class=\"elementor-wrapper elementor-open-inline\">\n\t\t\t<div class=\"elementor-video\"><\/div>\t\t<\/div>\n\t\t\t\t\t\t<\/div>\n\t\t\t\t<\/div>\n\t\t\t\t<div class=\"elementor-element elementor-element-7cafadb3 elementor-widget elementor-widget-aux_modern_heading\" data-id=\"7cafadb3\" data-element_type=\"widget\" data-e-type=\"widget\" data-widget_type=\"aux_modern_heading.default\">\n\t\t\t\t<div class=\"elementor-widget-container\">\n\t\t\t\t\t<section class=\"aux-widget-modern-heading\">\n            <div class=\"aux-widget-inner\"><h2 class=\"aux-modern-heading-primary\">Specifications<\/h2><\/div>\n        <\/section>\t\t\t\t<\/div>\n\t\t\t\t<\/div>\n\t\t\t\t<div class=\"elementor-element elementor-element-3cc94b63 elementor-widget elementor-widget-text-editor\" data-id=\"3cc94b63\" data-element_type=\"widget\" data-e-type=\"widget\" data-widget_type=\"text-editor.default\">\n\t\t\t\t<div class=\"elementor-widget-container\">\n\t\t\t\t\t\t\t\t\t<table><tbody><tr><td width=\"280\"><p>Needle System<\/p><\/td><td width=\"280\"><p>134 SUK\/SERV 7<\/p><\/td><\/tr><tr><td width=\"280\"><p>Needle Size<\/p><\/td><td width=\"280\"><p>120 &#8211; 140 Nm<\/p><\/td><\/tr><tr><td width=\"280\"><p>Max. Stitch Length<\/p><\/td><td width=\"280\"><p>0,5 &#8211; 12,7 mm<\/p><\/td><\/tr><tr><td width=\"280\"><p>Max. Sewing Speeds<\/p><\/td><td width=\"280\"><p>4 000 s.p.m<\/p><\/td><\/tr><tr><td width=\"280\"><p>Max. Sewing Area<\/p><\/td><td width=\"280\"><p>300&#215;300 mm<\/p><\/td><\/tr><tr><td width=\"280\"><p>Stitch type<\/p><\/td><td width=\"280\"><p>301 (Lockstitch)<\/p><\/td><\/tr><tr><td width=\"280\"><p>Connection Voltage<\/p><\/td><td width=\"280\"><p>Single-phase a.c. 230 V, 50\/60 Hz<\/p><\/td><\/tr><\/tbody><\/table>\t\t\t\t\t\t\t\t<\/div>\n\t\t\t\t<\/div>\n\t\t\t\t\t<\/div>\n\t\t<\/div>\n\t\t\t\t\t<\/div>\n\t\t<\/section>\n\t\t\t\t<\/div>\n\t\t","protected":false},"excerpt":{"rendered":"<p>3589 M\u00e1quina Autom\u00e1tica de Pregar Bolsos com Duas Cabe\u00e7as de Costura Alta qualidade e altos resultados consistentes \u2013 mesmo quando s\u00e3o usadas duas cabe\u00e7as de costura com fios de cores diferentes Formas e programa de costura podem ser alterados em poucos segundos A cabe\u00e7a de costura e a lan\u00e7adeira s\u00e3o sincronizados pelo eixo el\u00e9trico A [&hellip;]<\/p>\n","protected":false},"author":1,"featured_media":0,"parent":0,"menu_order":0,"comment_status":"closed","ping_status":"closed","template":"","meta":{"footnotes":""},"class_list":["post-1315","page","type-page","status-publish","hentry"],"_links":{"self":[{"href":"http:\/\/devisesolutions.pt\/dev\/wp-json\/wp\/v2\/pages\/1315","targetHints":{"allow":["GET"]}}],"collection":[{"href":"http:\/\/devisesolutions.pt\/dev\/wp-json\/wp\/v2\/pages"}],"about":[{"href":"http:\/\/devisesolutions.pt\/dev\/wp-json\/wp\/v2\/types\/page"}],"author":[{"embeddable":true,"href":"http:\/\/devisesolutions.pt\/dev\/wp-json\/wp\/v2\/users\/1"}],"replies":[{"embeddable":true,"href":"http:\/\/devisesolutions.pt\/dev\/wp-json\/wp\/v2\/comments?post=1315"}],"version-history":[{"count":25,"href":"http:\/\/devisesolutions.pt\/dev\/wp-json\/wp\/v2\/pages\/1315\/revisions"}],"predecessor-version":[{"id":2601,"href":"http:\/\/devisesolutions.pt\/dev\/wp-json\/wp\/v2\/pages\/1315\/revisions\/2601"}],"wp:attachment":[{"href":"http:\/\/devisesolutions.pt\/dev\/wp-json\/wp\/v2\/media?parent=1315"}],"curies":[{"name":"wp","href":"https:\/\/api.w.org\/{rel}","templated":true}]}}